{"id":4,"date":"2015-04-11T08:27:34","date_gmt":"2015-04-11T08:27:34","guid":{"rendered":"http:\/\/ing-coach.com\/?page_id=4"},"modified":"2025-07-24T14:34:18","modified_gmt":"2025-07-24T14:34:18","slug":"accueil","status":"publish","type":"page","link":"https:\/\/ing-coach.com\/","title":{"rendered":""},"content":{"rendered":"<p style=\"text-align: center;\">\u00a0<\/p>\n<p style=\"text-align: center;\"><span style=\"font-size: 24px;\"><strong>Jean-Michel NICOLA\u00cf <\/strong>(Ph.D.)<\/span><\/p>\n<p style=\"text-align: center;\"><span style=\"font-size: 24px;\">Hypnoth\u00e9rapeute<\/span><\/p>\n<p style=\"text-align: center;\"><span style=\"font-size: 24px;\">Praticien en Coh\u00e9rence Cardiaque avec cardio feedback<\/span><\/p>\n<p style=\"text-align: center;\"><span style=\"font-size: 24px;\">Coaching de la vie professionnelle<\/span><\/p>\n<p><strong>\u00a0<\/strong><\/p>\n<p style=\"text-align: center;\"><strong><span style=\"font-size: 20px;\"><em>Sp\u00e9cialiste du stress, des douleurs chroniques, des souffrances professionnelles et de leurs cons\u00e9quences.<\/em><\/span><\/strong><\/p>\n<p><strong><span style=\"font-size: 20px;\"><em>\u00a0<\/em><\/span><\/strong><\/p>\n<p style=\"text-align: center;\"><strong><span style=\"font-size: 16px;\">Signataire de la charte \u00e9thique <\/span><\/strong><strong><span style=\"font-size: 16px;\">de l\u2019Association Fran\u00e7aise pour l\u2019Etude de l\u2019Hypnose M\u00e9dicale\u00a0<\/span><\/strong><\/p>\n<p>&nbsp;<\/p>\n<p style=\"text-align: justify;\">La plupart d\u2019entre nous sommes ou avons \u00e9t\u00e9 confront\u00e9s au stress et \u00e0 ses cons\u00e9quences, notamment en mati\u00e8re d\u2019\u00e9quilibre entre vie professionnelle et vie priv\u00e9e. Cet \u00e9tat de fait a pu g\u00e9n\u00e9rer de nombreuses situations pathologiques.\u00a0Un accompagnement devient, d\u00e8s lors, une \u00e9vidence.<\/p>\n<p style=\"text-align: justify;\">En vous accompagnant, les objectifs suivants pourront \u00eatre au centre de votre pr\u00e9occupation\u00a0:<\/p>\n<ul style=\"text-align: justify;\">\n<li>diminuer l\u2019\u00e9tat d\u2019anxi\u00e9t\u00e9, du stress et de la charge mentale,<\/li>\n<li>prendre en charge les douleurs chroniques (en compl\u00e9ment d\u2019une prise en charge m\u00e9dicale, pr\u00e9sente, ou pass\u00e9e, en accord avec le m\u00e9decin traitant),<\/li>\n<li>agir, comprendre et prendre en charge les souffrances professionnelles, les situations d\u2019\u00e9puisement professionnel,<\/li>\n<li>se lib\u00e9rer des situations d\u2019addiction : tabac, alcool, num\u00e9rique, jeux, pornographie&#8230;<\/li>\n<li>d\u00e9velopper une strat\u00e9gie de r\u00e9ussite en termes de transition professionnelle,<\/li>\n<li>analyser et r\u00e9soudre les crises et les conflits de toutes natures,<\/li>\n<li>r\u00e9tablir la confiance en soi et l\u2019estime de soi,<\/li>\n<li>analyser et mettre fin \u00e0 une situation d\u2019harc\u00e8lement professionnel ou familial,<\/li>\n<li>agir sur un \u00e9tat post traumatique,<\/li>\n<li>retrouver le sommeil,<\/li>\n<li>prendre en charge les acouph\u00e8nes (en compl\u00e9ment d\u2019une prise en charge m\u00e9dicale, pr\u00e9sente, ou pass\u00e9e, en accord avec le m\u00e9decin traitant),<\/li>\n<li>prendre en charge les probl\u00e8mes de peau (en compl\u00e9ment d\u2019une prise en charge m\u00e9dicale, pr\u00e9sente, ou pass\u00e9e, en accord avec le m\u00e9decin traitant),<\/li>\n<li>analyser, comprendre et g\u00e9rer les probl\u00e8mes au sein du couple et sexualit\u00e9,<\/li>\n<li>agir sur les troubles du comportement alimentaire et le surpoids,<\/li>\n<li>pr\u00e9parer ses examens de fa\u00e7on plus confortable,<\/li>\n<li>accompagner strat\u00e9giquement \u00e0 la diplomatie conversationnelle (grand oral, animation de r\u00e9unions, conf\u00e9rences &#8230;) et r\u00e9dactionnelle.<\/li>\n<\/ul>\n<p style=\"text-align: justify;\">\u00a0<\/p>\n<p style=\"text-align: justify;\"><strong><em><u>Prise de rdv par t\u00e9l\u00e9phone, pour Paris, Corte et Borgo, au 06 07 72 01 03<\/u><\/em><\/strong><\/p>\n<p style=\"text-align: justify;\"><strong><em>Adresse \u00e9lectronique\u00a0: <\/em><\/strong><a href=\"mailto:jeanmichelnicolai@hotmail.com\"><strong><em>jeanmichelnicolai@hotmail.com<\/em><\/strong><\/a><\/p>\n<p><strong>\u00a0<\/strong><\/p>\n<p>&nbsp;<\/p>\n","protected":false},"excerpt":{"rendered":"<p>\u00a0 Jean-Michel NICOLA\u00cf (Ph.D.) Hypnoth\u00e9rapeute Praticien en Coh\u00e9rence Cardiaque avec cardio feedback Coaching de la vie professionnelle \u00a0 Sp\u00e9cialiste du stress, des douleurs chroniques, des souffrances professionnelles et de leurs cons\u00e9quences. \u00a0 Signataire de la charte \u00e9thique de l\u2019Association Fran\u00e7aise pour l\u2019Etude de l\u2019Hypnose M\u00e9dicale\u00a0 &nbsp; La plupart d\u2019entre nous sommes ou avons \u00e9t\u00e9 confront\u00e9s [&hellip;]<\/p>\n","protected":false},"author":1,"featured_media":0,"parent":0,"menu_order":0,"comment_status":"closed","ping_status":"open","template":"","meta":{"_monsterinsights_skip_tracking":false,"_monsterinsights_sitenote_active":false,"_monsterinsights_sitenote_note":"","_monsterinsights_sitenote_category":0,"footnotes":""},"class_list":["post-4","page","type-page","status-publish","hentry"],"_links":{"self":[{"href":"https:\/\/ing-coach.com\/index.php?rest_route=\/wp\/v2\/pages\/4","targetHints":{"allow":["GET"]}}],"collection":[{"href":"https:\/\/ing-coach.com\/index.php?rest_route=\/wp\/v2\/pages"}],"about":[{"href":"https:\/\/ing-coach.com\/index.php?rest_route=\/wp\/v2\/types\/page"}],"author":[{"embeddable":true,"href":"https:\/\/ing-coach.com\/index.php?rest_route=\/wp\/v2\/users\/1"}],"replies":[{"embeddable":true,"href":"https:\/\/ing-coach.com\/index.php?rest_route=%2Fwp%2Fv2%2Fcomments&post=4"}],"version-history":[{"count":98,"href":"https:\/\/ing-coach.com\/index.php?rest_route=\/wp\/v2\/pages\/4\/revisions"}],"predecessor-version":[{"id":4272,"href":"https:\/\/ing-coach.com\/index.php?rest_route=\/wp\/v2\/pages\/4\/revisions\/4272"}],"wp:attachment":[{"href":"https:\/\/ing-coach.com\/index.php?rest_route=%2Fwp%2Fv2%2Fmedia&parent=4"}],"curies":[{"name":"wp","href":"https:\/\/api.w.org\/{rel}","templated":true}]}}